{"id":219,"date":"2011-07-18T15:47:00","date_gmt":"2011-07-18T14:47:00","guid":{"rendered":"http:\/\/wordpress.benchrest.se\/?page_id=219"},"modified":"2025-03-23T14:20:45","modified_gmt":"2025-03-23T13:20:45","slug":"hem","status":"publish","type":"page","link":"http:\/\/www.benchrest.se\/","title":{"rendered":"Hem"},"content":{"rendered":"<p><a href=\"http:\/\/www.benchrest.se\/wp-content\/uploads\/2011\/07\/3kr-1c.jpg\"><img decoding=\"async\" loading=\"lazy\" title=\"3kr-1c\" src=\"http:\/\/www.benchrest.se\/wp-content\/uploads\/2011\/07\/3kr-1c.jpg\" alt=\"\" width=\"52\" height=\"31\" \/><\/a>\u00a0\u00a0<strong>V\u00e4lkommen till\u00a0Svenska B\u00e4nkskyttef\u00f6rbundets hemsida! <\/strong><\/p>\n<p>B\u00e4nkskytte \u00e4r en utpr\u00e4glad precisionssport d\u00e4r man skjuter med hj\u00e4lp av st\u00f6d fram och bak f\u00f6r gev\u00e4ret p\u00e5 en b\u00e4nk, d\u00e4rav namnet. I gruppskytte \u00e4r m\u00e5let att skjuta s\u00e5 t\u00e4tt som m\u00f6jligt med fem skott p\u00e5 en speciell papperstavla. Fem serier p\u00e5 vardera 100m och 200m. Man har 7 minuter p\u00e5 sig att slutf\u00f6ra en t\u00e4vlings serie, med obegr\u00e4nsat med sighter skott p\u00e5 en sighter tavla f\u00f6r att kontrollera vinden. P\u00e5 300m \u00e4r det fem stycken femskotts serier och p\u00e5 500m \u00e4r det tre stycken tio skotts serier. Tavlorna \u00e4r i st\u00f6rre skala beroende p\u00e5 avst\u00e5nd fr\u00e5n 100m till 500m. Den som f\u00f6r dagen b\u00e4st hanterar vinden och har f\u00f6rdelen p\u00e5 sin sida vinner t\u00e4vlingen. Det \u00e4r en segrare i respektive klass\/avst\u00e5nd och en segrare i aggregate i respektive klass och en total vinnare i twogun (HV,LV) och som \u00e4r det finaste man kan vinna i b\u00e4nkskyttet.<br \/>\nMan skjuter med gev\u00e4r i olika klasser, allt fr\u00e5n jaktgev\u00e4r till mycket speciella customvapen byggda f\u00f6r h\u00f6gsta m\u00f6jliga precision. Men vanligast \u00e4r LV och Hv klass gev\u00e4r.<\/p>\n<p style=\"text-align: left;\"><a href=\"http:\/\/www.benchrest.se\/wp-content\/uploads\/2011\/08\/target_small.jpg\"><img decoding=\"async\" loading=\"lazy\" class=\"alignleft size-full wp-image-507\" title=\"target_small\" src=\"http:\/\/www.benchrest.se\/wp-content\/uploads\/2011\/08\/target_small.jpg\" alt=\"\" width=\"90\" height=\"120\" \/><\/a>Kontakta n\u00e5gon av klubbarna f\u00f6r att prova p\u00e5. N\u00e5got som k\u00e4nnetecknar b\u00e4nkskyttar \u00e4r den h\u00f6ga graden av hj\u00e4lpsamhet och v\u00e4nlighet mot s\u00e5v\u00e4l kollegor som mot nyb\u00f6rjare.<br \/>\n\u00d6nskar du l\u00e4ra dig hur man kramar ur det allra mesta av precision ur ditt jaktgev\u00e4r s\u00e5 \u00e4r denna sport en alldeles utm\u00e4rkt b\u00f6rjan.<br \/>\nVill du bli medlem i f\u00f6rbundet s\u00e5 s\u00e4tt in 250:- (300:- f\u00f6r familj) p\u00e5 Bankgiro SEB:5341-1948\u00a0 Med vissa banker 5329 10 604 58.<\/p>\n<p style=\"text-align: left;\">Swishnummer <strong class=\"text-end\">1234 696 423 <\/strong>Swish namn <strong class=\"text-end\">SVENSKA B\u00c4NKSKYTTEF\u00d6RBUNDET<\/strong><\/p>\n<form id=\"aspnetForm\" action=\".\/kgb1102.aspx?P1=7Ll6TKdbQFhauxk57gGKJBA%3d%3d%7c%7eE045BD4B90714FF7B6B5E1A8AACA9D173ADFFE848079FEE1A58DA0094BB0A3AA&amp;P2=SEK&amp;language=sv-SE\" method=\"post\" name=\"aspnetForm\">\n<div class=\"wrap-content\">\n<div id=\"page-container\" class=\"container\" role=\"main\">\n<div class=\"row\">\n<div class=\"span9\">\n<div id=\"main-container\">\n<div id=\"IKFMaster_MainPlaceHolder_pnlMain\">\n<div id=\"IKFMaster_MainPlaceHolder_pnlAccountActivities\">\n<div id=\"IKFMaster_MainPlaceHolder_pnlAccountActivitiesInlan\">\n<div class=\"tablepanel\">\n<div id=\"IKFMaster_MainPlaceHolder_pnlActivitiesInlan\"><span style=\"font-size: inherit;\">Gl\u00f6m inte att ange namn och adress och en mailadress som vi kan n\u00e5 er p\u00e5.<\/span><\/div>\n<\/div>\n<\/div>\n<\/div>\n<\/div>\n<\/div>\n<\/div>\n<\/div>\n<\/div>\n<\/div>\n<\/form>\n<p>V\u00e4l m\u00f6tt!<\/p>\n","protected":false},"excerpt":{"rendered":"<p>\u00a0\u00a0V\u00e4lkommen till\u00a0Svenska B\u00e4nkskyttef\u00f6rbundets hemsida! B\u00e4nkskytte \u00e4r en utpr\u00e4glad precisionssport d\u00e4r man skjuter med hj\u00e4lp av st\u00f6d fram och bak f\u00f6r gev\u00e4ret p\u00e5 en b\u00e4nk, d\u00e4rav namnet. I gruppskytte \u00e4r m\u00e5let att skjuta s\u00e5 t\u00e4tt som m\u00f6jligt med fem skott p\u00e5 &hellip; <a href=\"http:\/\/www.benchrest.se\/\">Forts\u00e4tt l\u00e4sa <span class=\"meta-nav\">&rarr;<\/span><\/a><\/p>\n","protected":false},"author":2,"featured_media":0,"parent":0,"menu_order":0,"comment_status":"closed","ping_status":"open","template":"","meta":[],"_links":{"self":[{"href":"http:\/\/www.benchrest.se\/index.php?rest_route=\/wp\/v2\/pages\/219"}],"collection":[{"href":"http:\/\/www.benchrest.se\/index.php?rest_route=\/wp\/v2\/pages"}],"about":[{"href":"http:\/\/www.benchrest.se\/index.php?rest_route=\/wp\/v2\/types\/page"}],"author":[{"embeddable":true,"href":"http:\/\/www.benchrest.se\/index.php?rest_route=\/wp\/v2\/users\/2"}],"replies":[{"embeddable":true,"href":"http:\/\/www.benchrest.se\/index.php?rest_route=%2Fwp%2Fv2%2Fcomments&post=219"}],"version-history":[{"count":36,"href":"http:\/\/www.benchrest.se\/index.php?rest_route=\/wp\/v2\/pages\/219\/revisions"}],"predecessor-version":[{"id":2935,"href":"http:\/\/www.benchrest.se\/index.php?rest_route=\/wp\/v2\/pages\/219\/revisions\/2935"}],"wp:attachment":[{"href":"http:\/\/www.benchrest.se\/index.php?rest_route=%2Fwp%2Fv2%2Fmedia&parent=219"}],"curies":[{"name":"wp","href":"https:\/\/api.w.org\/{rel}","templated":true}]}}