{"id":2034,"date":"2019-03-21T22:02:42","date_gmt":"2019-03-21T20:02:42","guid":{"rendered":"http:\/\/www.benchrest.se\/?page_id=2034"},"modified":"2020-04-03T08:58:26","modified_gmt":"2020-04-03T06:58:26","slug":"webcup-2019","status":"publish","type":"page","link":"http:\/\/www.benchrest.se\/?page_id=2034","title":{"rendered":"Webcupen 2020"},"content":{"rendered":"\n<p><strong>Bakgrund<\/strong><\/p>\n\n\n\n<p><strong><br>\n<\/strong>Ursprungligen arrangerades en tr\u00e4ningscup f\u00f6r b\u00e4nkskyttar inom\nBrattvalls Jaktskytteklubb och S\u00e4var Jaktskytteklubb kallad \u201dKv\u00e4llscupen\u201d.\nT\u00e4vlingen omfattade klasserna Heavy Varmint, Sporter och J\u00e4garklass. Tanken med\nt\u00e4vlingen var att f\u00e5 fler tillf\u00e4llen att skjuta mot varandra. D\u00e5 b\u00e4nkskytte\ntill stor del handlar om att bem\u00e4stra f\u00f6rh\u00e5llandena, konditionerna ute p\u00e5\nbanan, s\u00e5 f\u00e5r man en b\u00e4ttre bild av den egna prestationen ju fler som t\u00e4vlar\nsamtidigt. Cupen var s\u00e5 upplagd att ett antal kv\u00e4llst\u00e4vlingar om 3 serier sk\u00f6ts\nmen \u00e4ven respektive klubbm\u00e4sterskap ingick och d\u00e5 r\u00e4knades endast de 3 f\u00f6rsta\nserierna. Segrare var den som under s\u00e4songen hade l\u00e4gsta snittet p\u00e5 sina 3\nb\u00e4sta t\u00e4vlingar.<\/p>\n\n\n\n<p><strong>Webcupen<\/strong><\/p>\n\n\n\n<p><strong><br> <\/strong>Webcupens t\u00e4vlingsprogram best\u00e5r av 6 st omg\u00e5ngar. Vem som helst kan arrangera hemmabanet\u00e4vlingar och rapportera in resultat fr\u00e5n dessa. I dagsl\u00e4get arrangeras officiella t\u00e4vlingstillf\u00e4llen \u00f6ppna f\u00f6r alla i trakterna kring Fredriksberg, Stockholm, J\u00f6nk\u00f6ping och Ume\u00e5,Sundsvall och Arvika. Om det visar sig att man inte lyckas boka skjutbana under en omg\u00e5ng eller st\u00f6ter p\u00e5 andra problem, h\u00f6r av er s\u00e5 f\u00f6rs\u00f6ker vi l\u00f6sa det genom att t\u00e4nja p\u00e5 datumen. Resultatet sammanst\u00e4lls och l\u00e4ggs sedan ut p\u00e5 f\u00f6rbundets hemsida s\u00e5 att alla kan f\u00f6lja utvecklingen.<\/p>\n\n\n\n<p><strong>Regler<\/strong><\/p>\n\n\n\n<ol><li>T\u00e4vlingen \u00e4r \u00f6ppen f\u00f6r alla men f\u00f6r att vara med i den slutliga sammanr\u00e4kningen av resultaten kr\u00e4vs medlemskap i Svenska B\u00e4nkskyttef\u00f6rbundet.<\/li><li>Minst EN t\u00e4vlande m\u00e5ste deltaga vid varje t\u00e4vlingsst\u00e4lle f\u00f6r att kunna rapporteras in.<\/li><li>Officiella b\u00e4nkskyttetavlor rekomenderas, tavlorna kan k\u00f6pas av f\u00f6rbundet men i brist p\u00e5 s\u00e5dana kan man skriva ut och anv\u00e4nda egna liknande tavlor, vi rekomenderar att man anv\u00e4nder dessa tavlor f\u00f6r utskrift <a href=\"http:\/\/www.benchrest.se\/wp-content\/uploads\/2019\/03\/sebr100.pdf\">100m<\/a>&nbsp;och <a href=\"http:\/\/www.benchrest.se\/wp-content\/uploads\/2019\/03\/sebr200.pdf\">200m<\/a> det underl\u00e4ttar om man skriver ut p\u00e5 tjockt papper alternativt limmar utskriften p\u00e5 ett tjockt papper, i sporter och JK1 anv\u00e4nds 200m tavlan f\u00f6r skytte p\u00e5 100m.<\/li><li>Skjutavst\u00e5nd 100 meter med ett undantag JK1 f\u00e5r skjutas p\u00e5 80 meter men d\u00e5 skall resultatet r\u00e4knas om med 25% p\u00e5slag p\u00e5 tr\u00e4ffbilderna.<\/li><li>Skjutningen ska ske utomhus och omfatta tre serier om 5 skott. D\u00e4r fler serier skjuts r\u00e4knas de tre f\u00f6rsta in i cupen.<\/li><li>Tr\u00e4ffbilderna skall m\u00e4tas med skjutm\u00e5tt och anges i millimeter med tv\u00e5 decimalers noggrannhet.<\/li><li>Resultatet ska rapporteras in via melj till, ordalen@gmail.com , p\u00e5 avsett <a href=\"http:\/\/www.benchrest.se\/wp-content\/uploads\/2019\/03\/resultat-utskrift.xls\">formul\u00e4r<\/a>&nbsp;och kommer sammanst\u00e4llas den 27e i varje m\u00e5nad maj-september.<\/li><li>Segrar i respektive klass g\u00f6r den som har l\u00e4gst snittresultat p\u00e5 3 av de 6 t\u00e4vlingstillf\u00e4llena.<\/li><\/ol>\n\n\n\n<p><strong>Resultatrapportering<br> <\/strong><a href=\"http:\/\/www.benchrest.se\/wp-content\/uploads\/2019\/03\/resultat-utskrift.xls\">Detta resultatformul\u00e4r<\/a> skall fyllas i och skickas via mejl till, ordalen@gmail.com , senast m\u00e5ndagen efter utsatt t\u00e4vlingsvecka till t\u00e4vlingsansvarig. Resultatet presenteras p\u00e5 resultatsidorna och robsoft.<\/p>\n\n\n\n<p>Resultat f\u00f6r omg\u00e5ng 1-6 kommer sammanst\u00e4llas. <br> 2020-04-27<br> 2020-05-27<br> 2020-06-27<br> 2020-07-27<br> 2020-08-27<br> 2020-09-27<\/p>\n\n\n\n<p>OBS!\nDessa datum \u00e4r ocks\u00e5 slutdatum f\u00f6r inl\u00e4mning av resultat f\u00f6r skjuten omg\u00e5ng.<\/p>\n\n\n\n<p><strong>T\u00e4vlingstillf\u00e4llen<\/strong><strong><br>\n<\/strong>F\u00e5r ske n\u00e4r som under s\u00e4songen, dock f\u00e5r max 6 stycken resultat\nskickas in.<\/p>\n\n\n\n<p><strong>Kontakt<\/strong><strong><br>\n<\/strong>Vid fr\u00e5gor v\u00e4nligen kontakta&nbsp;t\u00e4vlingsansvarig<\/p>\n\n\n\n<p><strong>\u00d6vrigt<\/strong><strong><br>\n<\/strong>Skicka g\u00e4rna med bilder fr\u00e5n t\u00e4vlingarna.<\/p>\n\n\n\n<p><strong>Bilagor<\/strong><\/p>\n\n\n\n<p><a href=\"http:\/\/www.benchrest.se\/wp-content\/uploads\/2019\/03\/sebr100.pdf\">100m tavla<\/a><\/p>\n\n\n\n<p><a href=\"http:\/\/www.benchrest.se\/wp-content\/uploads\/2019\/03\/sebr200.pdf\">200m tavla<\/a><\/p>\n\n\n\n<p><a href=\"http:\/\/www.benchrest.se\/wp-content\/uploads\/2019\/03\/resultat-utskrift.xls\">Formul\u00e4r f\u00f6r resultatraportering<\/a><\/p>\n","protected":false},"excerpt":{"rendered":"<p>Bakgrund Ursprungligen arrangerades en tr\u00e4ningscup f\u00f6r b\u00e4nkskyttar inom Brattvalls Jaktskytteklubb och S\u00e4var Jaktskytteklubb kallad \u201dKv\u00e4llscupen\u201d. T\u00e4vlingen omfattade klasserna Heavy Varmint, Sporter och J\u00e4garklass. Tanken med t\u00e4vlingen var att f\u00e5 fler tillf\u00e4llen att skjuta mot varandra. D\u00e5 b\u00e4nkskytte till stor del &hellip; <a href=\"http:\/\/www.benchrest.se\/?page_id=2034\">Forts\u00e4tt l\u00e4sa <span class=\"meta-nav\">&rarr;<\/span><\/a><\/p>\n","protected":false},"author":12,"featured_media":0,"parent":0,"menu_order":0,"comment_status":"closed","ping_status":"closed","template":"","meta":[],"_links":{"self":[{"href":"http:\/\/www.benchrest.se\/index.php?rest_route=\/wp\/v2\/pages\/2034"}],"collection":[{"href":"http:\/\/www.benchrest.se\/index.php?rest_route=\/wp\/v2\/pages"}],"about":[{"href":"http:\/\/www.benchrest.se\/index.php?rest_route=\/wp\/v2\/types\/page"}],"author":[{"embeddable":true,"href":"http:\/\/www.benchrest.se\/index.php?rest_route=\/wp\/v2\/users\/12"}],"replies":[{"embeddable":true,"href":"http:\/\/www.benchrest.se\/index.php?rest_route=%2Fwp%2Fv2%2Fcomments&post=2034"}],"version-history":[{"count":7,"href":"http:\/\/www.benchrest.se\/index.php?rest_route=\/wp\/v2\/pages\/2034\/revisions"}],"predecessor-version":[{"id":2267,"href":"http:\/\/www.benchrest.se\/index.php?rest_route=\/wp\/v2\/pages\/2034\/revisions\/2267"}],"wp:attachment":[{"href":"http:\/\/www.benchrest.se\/index.php?rest_route=%2Fwp%2Fv2%2Fmedia&parent=2034"}],"curies":[{"name":"wp","href":"https:\/\/api.w.org\/{rel}","templated":true}]}}