{"id":1480,"date":"2014-06-07T19:41:56","date_gmt":"2014-06-07T17:41:56","guid":{"rendered":"http:\/\/www.benchrest.se\/?page_id=1480"},"modified":"2014-09-14T16:19:57","modified_gmt":"2014-09-14T14:19:57","slug":"webcupen-2014","status":"publish","type":"page","link":"http:\/\/www.benchrest.se\/?page_id=1480","title":{"rendered":"Webcupen 2014"},"content":{"rendered":"<p><a href=\"http:\/\/www.benchrest.se\/wp-content\/uploads\/2014\/06\/Webcup2014_1.pdf\" target=\"_blank\">Omg\u00e5ng 1<\/a><br \/>\n<a href=\"http:\/\/www.benchrest.se\/wp-content\/uploads\/2014\/06\/Webcup2014_2.pdf\" target=\"_blank\">Omg\u00e5ng 2<\/a><\/p>\n<p><a href=\"http:\/\/www.benchrest.se\/wp-content\/uploads\/2014\/09\/Webcup2014_4.pdf\" target=\"_blank\">Omg\u00e5ng 4<\/a><br \/>\n<a href=\"http:\/\/www.benchrest.se\/wp-content\/uploads\/2014\/09\/Webcup2014_5.pdf\" target=\"_blank\">Omg\u00e5ng 5<\/a><br \/>\n<a href=\"http:\/\/www.benchrest.se\/wp-content\/uploads\/2014\/09\/Webcup2014_6.pdf\" target=\"_blank\">Omg\u00e5ng 6 slutresultat<\/a><\/p>\n<p>&nbsp;<\/p>\n","protected":false},"excerpt":{"rendered":"<p>Omg\u00e5ng 1 Omg\u00e5ng 2 Omg\u00e5ng 4 Omg\u00e5ng 5 Omg\u00e5ng 6 slutresultat &nbsp;<\/p>\n","protected":false},"author":2,"featured_media":0,"parent":0,"menu_order":0,"comment_status":"closed","ping_status":"open","template":"","meta":[],"_links":{"self":[{"href":"http:\/\/www.benchrest.se\/index.php?rest_route=\/wp\/v2\/pages\/1480"}],"collection":[{"href":"http:\/\/www.benchrest.se\/index.php?rest_route=\/wp\/v2\/pages"}],"about":[{"href":"http:\/\/www.benchrest.se\/index.php?rest_route=\/wp\/v2\/types\/page"}],"author":[{"embeddable":true,"href":"http:\/\/www.benchrest.se\/index.php?rest_route=\/wp\/v2\/users\/2"}],"replies":[{"embeddable":true,"href":"http:\/\/www.benchrest.se\/index.php?rest_route=%2Fwp%2Fv2%2Fcomments&post=1480"}],"version-history":[{"count":5,"href":"http:\/\/www.benchrest.se\/index.php?rest_route=\/wp\/v2\/pages\/1480\/revisions"}],"predecessor-version":[{"id":1535,"href":"http:\/\/www.benchrest.se\/index.php?rest_route=\/wp\/v2\/pages\/1480\/revisions\/1535"}],"wp:attachment":[{"href":"http:\/\/www.benchrest.se\/index.php?rest_route=%2Fwp%2Fv2%2Fmedia&parent=1480"}],"curies":[{"name":"wp","href":"https:\/\/api.w.org\/{rel}","templated":true}]}}