{"id":1286,"date":"2013-07-14T22:16:45","date_gmt":"2013-07-14T20:16:45","guid":{"rendered":"http:\/\/www.benchrest.se\/?page_id=1286"},"modified":"2013-07-14T22:28:06","modified_gmt":"2013-07-14T20:28:06","slug":"bosses-bjorkkolv","status":"publish","type":"page","link":"http:\/\/www.benchrest.se\/?page_id=1286","title":{"rendered":"Bosses Bj\u00f6rkkolv"},"content":{"rendered":"<p>Light Varmint stock i flammig bj\u00f6rk.<\/p>\n<p>H\u00e4r kommer en liten forts\u00e4ttning p\u00e5 historien om f\u00f6rs\u00f6ken att tillverka en l\u00e4tt b\u00e4nkskyttekolv i bj\u00f6rk som fanns i senaste medlemsutskicket.<\/p>\n<p><a href=\"http:\/\/www.benchrest.se\/wp-content\/uploads\/2013\/07\/DSCN7149.jpg\"><img decoding=\"async\" loading=\"lazy\" class=\"alignleft size-large wp-image-1289\" alt=\"DSCN7149\" src=\"http:\/\/www.benchrest.se\/wp-content\/uploads\/2013\/07\/DSCN7149-1024x417.jpg\" width=\"584\" height=\"237\" srcset=\"http:\/\/www.benchrest.se\/wp-content\/uploads\/2013\/07\/DSCN7149-1024x417.jpg 1024w, http:\/\/www.benchrest.se\/wp-content\/uploads\/2013\/07\/DSCN7149-300x122.jpg 300w, http:\/\/www.benchrest.se\/wp-content\/uploads\/2013\/07\/DSCN7149-500x203.jpg 500w\" sizes=\"(max-width: 584px) 100vw, 584px\" \/><\/a><\/p>\n<p>Det \u00e4r bara att b\u00f6rja med att erk\u00e4nna att jag inte uppn\u00e5dde flera av de uppsatta m\u00e5len med projektet. Den blev en aning tung, det tog l\u00e4ngre tid att f\u00e5 den f\u00e4rdig \u00e4n vad jag hade planerat och inte har den s\u00e5 mycket \u201dhemsl\u00f6jdsk\u00e4nsla\u201d \u00f6ver sig som jag hade \u00f6nskat. En bakkappa i renhorn har jag hyfsat till men jag har inte haft tid \u00f6ver att b\u00f6rja gravera den. Aluminiumbakkappan duger dock fint den med tycker jag. Visst blev den r\u00e4tt fin med de filade insexskruvarna?<\/p>\n<p><a href=\"http:\/\/www.benchrest.se\/wp-content\/uploads\/2013\/07\/DSCN7164.jpg\"><img decoding=\"async\" loading=\"lazy\" class=\"alignleft size-large wp-image-1290\" alt=\"DSCN7164\" src=\"http:\/\/www.benchrest.se\/wp-content\/uploads\/2013\/07\/DSCN7164-1024x768.jpg\" width=\"584\" height=\"438\" srcset=\"http:\/\/www.benchrest.se\/wp-content\/uploads\/2013\/07\/DSCN7164-1024x768.jpg 1024w, http:\/\/www.benchrest.se\/wp-content\/uploads\/2013\/07\/DSCN7164-300x225.jpg 300w, http:\/\/www.benchrest.se\/wp-content\/uploads\/2013\/07\/DSCN7164-400x300.jpg 400w\" sizes=\"(max-width: 584px) 100vw, 584px\" \/><\/a><\/p>\n<p>Vikten p\u00e5 kolven landade p\u00e5 ca 850g inklusive bakkappa och varbygel. Totalvikten med March siktet med nedbl\u00e4ndningsring och mirageband, kikarhattarna avtagna, ligger ca 30g \u00f6ver gr\u00e4nsen f\u00f6r Light Varmint med den pipa jag har. Tar jag ner pipans vikt till 2350g s\u00e5 v\u00e4ger allt in vilket \u00e4nd\u00e5 \u00e4r r\u00e4tt OK. Det \u00e4r \u00e4nd\u00e5 100 -155g \u00f6ver de vikter som piporna till BAT-en som jag k\u00f6pte av \u201dBullen\u201d har.<\/p>\n<p><a href=\"http:\/\/www.benchrest.se\/wp-content\/uploads\/2013\/07\/DSCN7157.jpg\"><img decoding=\"async\" loading=\"lazy\" class=\"alignleft size-large wp-image-1291\" alt=\"DSCN7157\" src=\"http:\/\/www.benchrest.se\/wp-content\/uploads\/2013\/07\/DSCN7157-1024x768.jpg\" width=\"584\" height=\"438\" srcset=\"http:\/\/www.benchrest.se\/wp-content\/uploads\/2013\/07\/DSCN7157-1024x768.jpg 1024w, http:\/\/www.benchrest.se\/wp-content\/uploads\/2013\/07\/DSCN7157-300x225.jpg 300w, http:\/\/www.benchrest.se\/wp-content\/uploads\/2013\/07\/DSCN7157-400x300.jpg 400w\" sizes=\"(max-width: 584px) 100vw, 584px\" \/><\/a><\/p>\n<p>Jag klarade allts\u00e5 n\u00e4stan m\u00e5lvikten trots att jag ocks\u00e5 plastade in kolfiber \u00e4ven i pipkanalen. Det gjordes f\u00f6r att balsainl\u00e4gget blev synligt och i mina \u00f6gon v\u00e4ldigt fult. Kolfibern v\u00e4ger ju inte mycket men Epoxilagret i botten p\u00e5 kanalen blev n\u00e5got tjockt.<\/p>\n<p>Det tog tid att f\u00e5 den i skjutbart skick. Det g\u00e5r ju inte att limma in l\u00e5set i kolven och sprutlacka den efter\u00e5t. D\u00e4rf\u00f6r lade jag r\u00e4tt tidigt ner tanken p\u00e5 att ha den f\u00e4rdig till Palmisano Cup men det var lite surt att inte f\u00e5 med den ner till Fredriksberg.<\/p>\n<p>Jag \u00e4r n\u00f6jd med utseendet. Att lyckas med att kombinera k\u00e4nslan av fullblods b\u00e4nkb\u00f6ssa och den k\u00e4nsla man f\u00e5r om man bes\u00f6ker en hemsl\u00f6jdsbutik var v\u00e4l kanske d\u00f6mt p\u00e5 f\u00f6rhand. Den k\u00e4nns \u00e4nd\u00e5 lite \u201dhemv\u00e4vd\u201d och definitivt \u201done of a kind\u201d.<\/p>\n<p><a href=\"http:\/\/www.benchrest.se\/wp-content\/uploads\/2013\/07\/DSCN7163.jpg\"><img decoding=\"async\" loading=\"lazy\" class=\"alignleft size-large wp-image-1292\" alt=\"DSCN7163\" src=\"http:\/\/www.benchrest.se\/wp-content\/uploads\/2013\/07\/DSCN7163-768x1024.jpg\" width=\"584\" height=\"778\" srcset=\"http:\/\/www.benchrest.se\/wp-content\/uploads\/2013\/07\/DSCN7163-768x1024.jpg 768w, http:\/\/www.benchrest.se\/wp-content\/uploads\/2013\/07\/DSCN7163-225x300.jpg 225w\" sizes=\"(max-width: 584px) 100vw, 584px\" \/><\/a><\/p>\n<p>\u00c4nnu har jag n\u00e5gra detaljer att justera men nu har jag skjutit med den och det ser f\u00f6rhoppningsfullt ut. Chansen \u00e4r stor att det stora elddopet kommer vid t\u00e4vlingarna p\u00e5 Brattvall. Till nordiska m\u00e4sterskapen kommer b\u00e5de den och BAT-en med.<\/p>\n<p>Vilken av mina b\u00f6ssor som f\u00f6ljer med till VM i Sydney kan bli en sv\u00e5r n\u00f6t att kn\u00e4cka. Min gamla trotj\u00e4nare, Pandan eller \u201dR\u00f6d-Bettan\u201d som brukar kalla den kommer att bli hemma till f\u00f6rm\u00e5n f\u00f6r n\u00e5gon av de med raka stockar och ejektor. Valet blir sv\u00e5rt om b\u00e5da skjuter bra. Jag trivs v\u00e4ldigt bra med BAT-en men visst skulle det vara lite speciellt att ta med den egna skapelsen, \u201dNordic Light\u201d.<\/p>\n<p>P.S. \u201dBullens BAT\u201d har \u00e4nnu inte n\u00e5got namn. \u201dVetel\u00e4ngden\u201d? B\u00e4ttre f\u00f6rslag emottages tacksamt.<\/p>\n<p>\/Bo<\/p>\n","protected":false},"excerpt":{"rendered":"<p>Light Varmint stock i flammig bj\u00f6rk. H\u00e4r kommer en liten forts\u00e4ttning p\u00e5 historien om f\u00f6rs\u00f6ken att tillverka en l\u00e4tt b\u00e4nkskyttekolv i bj\u00f6rk som fanns i senaste medlemsutskicket. Det \u00e4r bara att b\u00f6rja med att erk\u00e4nna att jag inte uppn\u00e5dde flera &hellip; <a href=\"http:\/\/www.benchrest.se\/?page_id=1286\">Forts\u00e4tt l\u00e4sa <span class=\"meta-nav\">&rarr;<\/span><\/a><\/p>\n","protected":false},"author":2,"featured_media":0,"parent":0,"menu_order":0,"comment_status":"closed","ping_status":"open","template":"","meta":[],"_links":{"self":[{"href":"http:\/\/www.benchrest.se\/index.php?rest_route=\/wp\/v2\/pages\/1286"}],"collection":[{"href":"http:\/\/www.benchrest.se\/index.php?rest_route=\/wp\/v2\/pages"}],"about":[{"href":"http:\/\/www.benchrest.se\/index.php?rest_route=\/wp\/v2\/types\/page"}],"author":[{"embeddable":true,"href":"http:\/\/www.benchrest.se\/index.php?rest_route=\/wp\/v2\/users\/2"}],"replies":[{"embeddable":true,"href":"http:\/\/www.benchrest.se\/index.php?rest_route=%2Fwp%2Fv2%2Fcomments&post=1286"}],"version-history":[{"count":3,"href":"http:\/\/www.benchrest.se\/index.php?rest_route=\/wp\/v2\/pages\/1286\/revisions"}],"predecessor-version":[{"id":1288,"href":"http:\/\/www.benchrest.se\/index.php?rest_route=\/wp\/v2\/pages\/1286\/revisions\/1288"}],"wp:attachment":[{"href":"http:\/\/www.benchrest.se\/index.php?rest_route=%2Fwp%2Fv2%2Fmedia&parent=1286"}],"curies":[{"name":"wp","href":"https:\/\/api.w.org\/{rel}","templated":true}]}}